ase 2
-101101001110001
254003 (base 7) to base 13
1850c
4822 (base 14) to base 4
3010132
Convert 12102 (base 3) to base 8.
222
What is 2212 (base 6) in base 10?
512
What is 2d94 (base 16) in base 8?
26624
What is -2020002 (base 3) in base 12?
-b32
Convert 14324 (base 6) to base 3.
10010121
What is 2301 (base 7) in base 6?
3510
What is 31230 (base 4) in base 6?
4020
3b3 (base 12) to base 10
567
What is -1162 (base 7) in base 10?
-436
Convert 10100011001000 (base 2) to base 7.
42303
18832 (base 11) to base 8
63264
Convert 37091 (base 10) to base 16.
90e3
24003 (base 5) to base 2
11011011001
Convert -304355 (base 6) to base 3.
-1020101022
Convert -83 (base 12) to base 2.
-1100011
300211 (base 4) to base 12
1971
What is -143a (base 14) in base 13?
-1825
What is 9453 (base 12) in base 10?
16191
Convert 10134 (base 6) to base 7.
3643
40300 (base 5) to base 15
b6a
-5010 (base 12) to base 11
-6556
-c3c (base 14) to base 12
-1486
Convert 110 (base 9) to base 12.
76
What is -122222101 (base 3) in base 14?
-4ac1
-12450 (base 6) to base 7
-5355
Convert 332 (base 11) to base 2.
110001110
13028 (base 12) to base 5
1312302
Convert -232001 (base 5) to base 12.
-4a20
What is 43243 (base 6) in base 10?
5931
What is 405 (base 9) in base 6?
1305
What is -12495 (base 10) in base 6?
-133503
Convert -1241 (base 8) to base 10.
-673
What is -71 (base 16) in base 8?
-161
-417 (base 12) to base 6
-2431
Convert -45434 (base 8) to base 13.
-89a1
What is 2140 (base 6) in base 8?
754
What is -1010110111 (base 2) in base 5?
-10240
-52434 (base 6) to base 2
-1101110100110
-632 (base 10) to base 12
-448
What is 24b5d (base 14) in base 8?
257677
What is -2001 (base 6) in base 9?
-531
Convert -133 (base 11) to base 15.
-a7
36 (base 16) to base 11
4a
What is 452 (base 8) in base 11?
251
What is -215c (base 13) in base 7?
-16346
Convert b1d (base 15) to base 16.
9c7
-774 (base 13) to base 8
-2376
What is 156 (base 16) in base 11?
291
-140042 (base 5) to base 11
-4274
What is 31012 (base 4) in base 14?
43c
3154 (base 7) to base 10
1117
20156 (base 8) to base 15
26d7
-10788 (base 12) to base 15
-6718
25125 (base 9) to base 11
11748
Convert 25c (base 15) to base 9.
656
What is -511 (base 8) in base 12?
-235
What is -1040031 (base 5) in base 12?
-a5b9
What is -11367 (base 9) in base 12?
-448a
What is 764 (base 12) in base 8?
2074
What is -131 (base 16) in base 14?
-17b
Convert -23024 (base 5) to base 6.
-11331
2432 (base 5) to base 14
1c3
What is 13045 (base 10) in base 12?
7671
-2030131 (base 4) to base 5
-241424
4640 (base 7) to base 5
23234
105b (base 16) to base 10
4187
13826 (base 10) to base 2
11011000000010
220524 (base 6) to base 3
221011021
What is -10122111 (base 3) in base 14?
-d7d
1244 (base 13) to base 15
b7b
Convert 113023 (base 4) to base 10.
1483
What is 14828 (base 9) in base 7?
41411
Convert -1039 (base 10) to base 15.
-494
Convert -1123 (base 10) to base 13.
-685
Convert 201000 (base 4) to base 14.
aac
Convert 30031133 (base 4) to base 13.
199c4
What is 159 (base 13) in base 4?
3303
Convert -130 (base 12) to base 15.
-c0
What is -3906 (base 10) in base 7?
-14250
What is -1859 (base 11) in base 15?
-a78
100210100 (base 3) to base 12
4169
Convert -2112222 (base 3) to base 15.
-842
What is 1200312 (base 4) in base 8?
14066
Convert -13311001 (base 4) to base 7.
-162325
What is -15a4d (base 16) in base 3?
-11111121110
-3202 (base 15) to base 13
-4a78
Convert -12a0 (base 11) to base 2.
-11010010011
2242 (base 10) to base 2
100011000010
Convert 200 (base 7) to base 10.
98
What is -600b (base 13) in base 3?
-200002122
-1b52 (base 15) to base 8
-13447
573 (base 15) to base 3
1200200
What is d05 (base 14) in base 15?
b53
What is 1945 (base 14) in base 9?
6236
Convert 30749 (base 11) to base 16.
af17
What is 1465 (base 16) in base 15?
1831
Convert 101000010111001 (base 2) to base 15.
61ca
62b8 (base 13) to base 16
3567
6101 (base 7) to base 2
100000111100
123645 (base 7) to base 10
22965
What is -3004 (base 6) in base 2?
-1010001100
Convert -5bab (base 16) to base 7.
-125263
Convert -1a9da (base 15) to base 12.
-42151
What is 12851 (base 14) in base 11?
31243
Convert 46 (base 12) to base 7.
105
Convert 3514 (base 6) to base 16.
346
-7326 (base 9) to base 16
-14fa
Convert -1155 (base 6) to base 16.
-11f
-234 (base 8) to base 11
-132
What is -31232011 (base 4) in base 15?
-119b7
What is -31667 (base 9) in base 3?
-1001202021
Convert -13301 (base 4) to base 13.
-2c3
What is 102000 (base 3) in base 5?
2142
What is -2012202 (base 5) in base 6?
-404545
Convert -100002 (base 3) to base 14.
-137
What is 97b2 (base 12) in base 5?
1013234
1140 (base 10) to base 13
699
Convert 508 (base 10) to base 7.
1324
What is -dcd (base 15) in base 5?
-44433
What is 31533 (base 10) in base 15?
9523
3142 (base 7) to base 11
918
What is 4536 (base 9) in base 15?
ed9
997 (base 14) to base 5
30042
422 (base 5) to base 10
112
Convert 8754 (base 12) to base 13.
6a1b
310413 (base 5) to base 10
10108
-2332 (base 5) to base 7
-666
Convert 32b (base 12) to base 13.
29c
What is 131312 (base 4) in base 3?
2121202
What is 111102020 (base 3) in base 7?
40341
-100010010 (base 3) to base 14
-25c9
203 (base 11) to base 5
1440
101000100111100 (base 2) to base 13
9609
Convert -100001010 (base 2) to base 3.
-100212
Convert 1002220 (base 3) to base 14.
419
cc (base 14) to base 2
10110100
Convert -1712 (base 12) to base 6.
-20422
-11011 (base 2) to base 7
-36
What is -2566 (base 11) in base 15?
-ec9
304221 (base 5) to base 12
5900
Convert -2ba (base 13) to base 12.
-34b
862 (base 14) to base 4
121312
-13154 (base 12) to base 9
-38751
Convert 1011101110011011 (base 2) to base 11.
330a1
What is -4133 (base 5) in base 10?
-543
What is 5255 (base 9) in base 16?
f11
What is -b6e (base 16) in base 12?
-183a
Convert -47061 (base 8) to base 16.
-4e31
What is -260b (base 14) in base 10?
-6675
What is 1030 (base 8) in base 7?
1364
8cc (base 15) to base 5
30432
Convert -1100111011001 (base 2) to base 7.
-25202
Convert 10011021 (base 3) to base 8.
4376
What is 23702 (base 9) in base 8?
37006
-10001011000 (base 2) to base 13
-677
f9 (base 16) to base 15
119
Convert 21242 (base 11) to base 15.
9251
-5013 (base 11) to base 5
-203134
-11609 (base 10) to base 7
-45563
What is 14434 (base 5) in base 6?
5432
Convert -1101011110111 (base 2) to base 11.
-5206
44045 (base 6) to base 8
13675
Convert -15d (base 15) to base 14.
-185
-26f (base 16) to base 10
-623
Convert 1201 (base 4) to base 13.
76
Convert -1092 (base 11) to base 3.
-1222001
33 (base 8) to base 5
102
-285 (base 10) to base 8
-435
What is -42b (base 13) in base 7?
-2036
What is 1716 (base 16) in base 11?
4493
-307 (base 13) to base 2
-1000000010
Convert -1244003 (base 5) to base 9.
-37112
Convert -2745 (base 13) to base 5.
-140014
-2101201012 (base 3) to base 4
-23201012
Convert 218 (base 9) to base 11.
153
What is 741 (base 8) in base 3?
122211
What is 673c (base 13) in base 7?
60013
What is c06 (base 13) in base 10?
2034
What is -429 (base 10) in base 13?
-270
20323 (base 4) to base 16
23b
-6a4 (base 14) to base 8
-2450
3457 (base 10) to base 12
2001
Convert -10100011110 (base 2) to base 7.
-3551
2724 (base 11) to base 15
10aa
What is 12012 (base 4) in base 14?
1dc
What is e4b4 (base 15) in base 12?
23b67
Convert 1d9 (base 16) to base 5.
3343
Convert -320 (base 8) to base 2.
-11010000
Convert -52220 (base 6) to base 12.
-4070
Convert -2131021 (base 4) to base 14.
-3945
103134 (base 6) to base 9
12564
Convert be (base 15) to base 7.
344
4231 (base 14) to base 11
8634
Convert -11321 (base 8) to base 9.
-6542
What is -225553 (base 7) in base 2?
-1001110111011110
-893 (base 10) to base 13
-539
d7 (base 16) to base 4
3113
Convert -11100110100100 (base 2) to base 14.
-5540
Convert 42a0 (base 13) to base 9.
13624
-8246 (base 12) to base 10
-14166
-3896 (base 13) to base 11
-6073
Convert a66 (base 11) to base 2.
10100000010
Convert -8613 (base 11) to base 4.
-2301330
-87 (base 11) to base 9
-115
-23215 (base 6) to base 5
-101243
475 (base 10) to base 7
1246
Convert 221 (base 7) to base 2.
1110001
What is 11a (base 14) in base 5?
1340
Convert -1320243 (base 5) to base 16.
-66d3
1594 (base 12) to base 10
2560
What is 1246 (base 13) in base 8?
5041
What is 12458 (base 11) in base 4?